{"id":65,"date":"2019-06-24T05:14:11","date_gmt":"2019-06-24T05:14:11","guid":{"rendered":"http:\/\/exalux89.com\/?page_id=65"},"modified":"2024-09-04T17:30:31","modified_gmt":"2024-09-04T17:30:31","slug":"bienvenido","status":"publish","type":"page","link":"https:\/\/www.exalux89.com\/","title":{"rendered":"\u00a1Bienvenido!"},"content":{"rendered":"\n<p class=\"has-text-align-center\">Bienvenido a la p\u00e1gina de la generaci\u00f3n 1989 del Instituto Lux. Aqu\u00ed podr\u00e1s encontrar videos, fotograf\u00edas, escritos y toda clase de memorias que nos recuerdan de donde venimos y vamos: <\/p>\n\n\n\n<h4 class=\"wp-block-heading has-text-align-center\">Ser hombres y mujeres para los dem\u00e1s<\/h4>\n\n\n\n<p><\/p>\n","protected":false},"excerpt":{"rendered":"<p>Bienvenido a la p\u00e1gina de la generaci\u00f3n 1989 del Instituto Lux. Aqu\u00ed podr\u00e1s encontrar videos, fotograf\u00edas, escritos y toda clase de memorias que nos recuerdan de donde venimos y vamos: Ser hombres y mujeres para los dem\u00e1s<\/p>\n","protected":false},"author":1,"featured_media":0,"parent":0,"menu_order":0,"comment_status":"closed","ping_status":"closed","template":"","meta":{"footnotes":""},"class_list":["post-65","page","type-page","status-publish","hentry"],"_links":{"self":[{"href":"https:\/\/www.exalux89.com\/index.php?rest_route=\/wp\/v2\/pages\/65","targetHints":{"allow":["GET"]}}],"collection":[{"href":"https:\/\/www.exalux89.com\/index.php?rest_route=\/wp\/v2\/pages"}],"about":[{"href":"https:\/\/www.exalux89.com\/index.php?rest_route=\/wp\/v2\/types\/page"}],"author":[{"embeddable":true,"href":"https:\/\/www.exalux89.com\/index.php?rest_route=\/wp\/v2\/users\/1"}],"replies":[{"embeddable":true,"href":"https:\/\/www.exalux89.com\/index.php?rest_route=%2Fwp%2Fv2%2Fcomments&post=65"}],"version-history":[{"count":1,"href":"https:\/\/www.exalux89.com\/index.php?rest_route=\/wp\/v2\/pages\/65\/revisions"}],"predecessor-version":[{"id":203,"href":"https:\/\/www.exalux89.com\/index.php?rest_route=\/wp\/v2\/pages\/65\/revisions\/203"}],"wp:attachment":[{"href":"https:\/\/www.exalux89.com\/index.php?rest_route=%2Fwp%2Fv2%2Fmedia&parent=65"}],"curies":[{"name":"wp","href":"https:\/\/api.w.org\/{rel}","templated":true}]}}